7385467.
97385467
List the prime factors of 6036183897.
3, 17, 101, 1171847
List the prime factors of 47323565.
5, 9464713
List the prime factors of 70145062.
2, 13, 2697887
What are the prime factors of 62613695?
5, 12522739
List the prime factors of 28062674.
2, 14031337
List the prime factors of 190461830.
2, 5, 13, 31, 167, 283
What are the prime factors of 134352892?
2, 877, 38299
What are the prime factors of 58915805?
5, 13, 43, 107, 197
List the prime factors of 1214231980.
2, 5, 13, 103, 45341
List the prime factors of 136433147.
136433147
List the prime factors of 2136399107.
2136399107
List the prime factors of 28089082.
2, 7, 79, 109, 233
List the prime factors of 3573452707.
11, 23, 193, 6653
What are the prime factors of 55288561?
127, 435343
What are the prime factors of 86088756?
2, 3, 13, 239, 2309
What are the prime factors of 909550893?
3, 23, 13181897
List the prime factors of 124299152.
2, 1013, 7669
List the prime factors of 1220378211.
3, 13, 3476861
What are the prime factors of 27811373?
503, 55291
What are the prime factors of 86846851?
7, 13, 29, 32909
List the prime factors of 196202576.
2, 17, 721333
What are the prime factors of 76219812?
2, 3, 127, 5557
What are the prime factors of 960077672?
2, 1103, 108803
List the prime factors of 688020813.
3, 76446757
What are the prime factors of 2752172537?
2752172537
List the prime factors of 701055098.
2, 281, 1247429
List the prime factors of 2083181421.
3, 694393807
What are the prime factors of 4232087395?
5, 846417479
List the prime factors of 3682801538.
2, 13, 23, 6158531
What are the prime factors of 671215504?
2, 41950969
What are the prime factors of 121169137?
19, 6377323
What are the prime factors of 161674053?
3, 37, 79, 103, 179
List the prime factors of 1338949562.
2, 37, 887, 20399
List the prime factors of 1492816139.
1492816139
List the prime factors of 1292627514.
2, 3, 293, 735283
What are the prime factors of 6723926097?
3, 7, 601, 532757
What are the prime factors of 13409685?
3, 5, 17, 5843
What are the prime factors of 1024980901?
7, 23, 29, 219529
List the prime factors of 487230940.
2, 5, 7, 3480221
What are the prime factors of 457406534?
2, 13, 1381, 12739
What are the prime factors of 3114682514?
2, 739, 857, 2459
List the prime factors of 2387050718.
2, 13, 6091, 15073
List the prime factors of 1831545059.
1831545059
List the prime factors of 967274488.
2, 157, 770123
List the prime factors of 607431157.
607431157
What are the prime factors of 704275966?
2, 17, 20713999
List the prime factors of 2457931655.
5, 17, 28916843
What are the prime factors of 112430?
2, 5, 11243
What are the prime factors of 298791415?
5, 13, 1721, 2671
List the prime factors of 2655704811.
3, 43, 20586859
List the prime factors of 513313974.
2, 3, 28517443
What are the prime factors of 78463491?
3, 26154497
List the prime factors of 41116418.
2, 7, 19, 154573
What are the prime factors of 30777133?
739, 41647
List the prime factors of 57446603.
57446603
What are the prime factors of 2265031781?
19, 251, 474949
List the prime factors of 118200653.
19, 53, 107, 1097
List the prime factors of 442431294.
2, 3, 269, 274121
What are the prime factors of 997292643?
3, 332430881
List the prime factors of 1983813467.
479, 4141573
List the prime factors of 53524125.
3, 5, 15859
What are the prime factors of 287066390?
2, 5, 13, 2208203
List the prime factors of 54339352.
2, 6792419
What are the prime factors of 2584945279?
7, 369277897
List the prime factors of 53724841.
5693, 9437
What are the prime factors of 281034400?
2, 5, 351293
What are the prime factors of 2014029843?
3, 7, 37, 173, 14983
List the prime factors of 922741147.
17, 54278891
What are the prime factors of 180878551?
7, 1303, 2833
List the prime factors of 457089805.
5, 47, 463, 4201
List the prime factors of 315243250.
2, 5, 7, 19, 499
List the prime factors of 32368608.
2, 3, 167, 673
What are the prime factors of 16766880?
2, 3, 5, 13, 2687
List the prime factors of 4172076558.
2, 3, 13, 59, 33577
List the prime factors of 11415498.
2, 3, 23, 82721
What are the prime factors of 63313239?
3, 11, 197, 9739
List the prime factors of 3020196384.
2, 3, 1291, 8123
What are the prime factors of 2020592715?
3, 5, 17, 19, 103, 4049
List the prime factors of 1421804560.
2, 5, 11, 41, 157, 251
What are the prime factors of 1836386822?
2, 19, 61, 792229
List the prime factors of 255134571.
3, 85044857
What are the prime factors of 177099699?
3, 7, 8433319
List the prime factors of 161843102.
2, 19, 853, 4993
What are the prime factors of 2713981949?
7, 17, 263, 5101
What are the prime factors of 76572869?
19, 37, 108923
What are the prime factors of 670265778?
2, 3, 7, 13, 47, 26119
What are the prime factors of 1769387141?
19, 6203, 15013
List the prime factors of 449608599.
3, 11, 4541501
List the prime factors of 63041830.
2, 5, 593, 10631
List the prime factors of 453518816.
2, 14172463
What are the prime factors of 137923869?
3, 19, 2419717
What are the prime factors of 149039183?
257, 439, 1321
What are the prime factors of 27994194?
2, 3, 518411
What are the prime factors of 10115106?
2, 3, 19, 88729
What are the prime factors of 422048401?
1019, 414179
List the prime factors of 1438609450.
2, 5, 28772189
List the prime factors of 69595699.
69595699
List the prime factors of 2219529060.
2, 3, 5, 7, 601, 977
What are the prime factors of 12185291?
311, 39181
What are the prime factors of 242562403?
241, 499, 2017
List the prime factors of 35125743.
3, 11708581
What are the prime factors of 267096320?
2, 5, 71, 2939
What are the prime factors of 624356863?
13, 29, 1656119
What are the prime factors of 58942589?
401, 146989
What are the prime factors of 33900754?
2, 17, 997081
List the prime factors of 1475249626.
2, 737624813
List the prime factors of 32998685.
5, 523, 12619
What are the prime factors of 276368496?
2, 3, 89, 64693
What are the prime factors of 903429778?
2, 20129, 22441
List the prime factors of 1657401201.
3, 184155689
List the prime factors of 165687850.
2, 5, 37, 89561
What are the prime factors of 1340274246?
2, 3, 109, 2049349
List the prime factors of 2627734343.
13, 43, 4700777
List the prime factors of 182671526.
2, 653, 139871
List the prime factors of 77666181.
3, 25888727
List the prime factors of 787122119.
7, 112446017
List the prime factors of 853596772.
2, 7, 30485599
What are the prime factors of 113152917?
3, 227, 166157
What are the prime factors of 1357037365?
5, 271407473
List the prime factors of 14849219.
7, 11, 192847
What are the prime factors of 3161318660?
2, 5, 571, 276823
What are the prime factors of 623302312?
2, 77912789
List the prime factors of 67143940.
2, 5, 73, 45989
What are the prime factors of 2211441317?
571, 1153, 3359
List the prime factors of 55396397.
7, 23, 337, 1021
List the prime factors of 988415650.
2, 5, 331, 59723
List the prime factors of 91712086.
2, 23, 227, 8783
List the prime factors of 122553483.
3, 13, 43, 73079
List the prime factors of 1392500290.
2, 5, 139250029
What are the prime factors of 478879274?
2, 23, 53, 89, 2207
List the prime factors of 39617590.
2, 5, 3961759
What are the prime factors of 4718853251?
7, 17, 47, 53, 15919
List the prime factors of 2167366149.
3, 13, 41, 229, 1973
List the prime factors of 743004357.
3, 617, 401407
What are the prime factors of 194424553?
67, 643, 4513
List the prime factors of 560174305.
5, 112034861
What are the prime factors of 2518693405?
5, 71, 79, 89809
List the prime factors of 50497763.
19, 139883
List the prime factors of 24256673.
7, 19, 29, 331
What are the prime factors of 3583140623?
59, 89, 682373
List the prime factors of 244993925.
5, 11, 890887
List the prime factors of 86210700.
2, 3, 5, 41, 43, 163
List the prime factors of 504671482.
2, 7, 5149709
What are the prime factors of 84107695?
5, 7, 2403077
List the prime factors of 111219573.
3, 2269, 16339
What are the prime factors of 4178440610?
2, 5, 417844061
What are the prime factors of 175969275?
3, 5, 53, 44269
What are the prime factors of 3115600461?
3, 346177829
What are the prime factors of 313888893?
3, 2861, 36571
What are the prime factors of 77469732?
2, 3, 131, 16427
What are the prime factors of 727351